{"id":32134,"date":"2021-03-22T11:06:25","date_gmt":"2021-03-22T10:06:25","guid":{"rendered":"https:\/\/gjkkadksm.preview.infomaniak.website\/bibliotheque\/le-changement-climatique-et-ses-impacts-sur-les-forets-wallonnes-recommandations-aux-decideurs-et-aux-proprietaires-et-gestionnaires\/"},"modified":"2021-04-08T12:40:26","modified_gmt":"2021-04-08T10:40:26","slug":"le-changement-climatique-et-ses-impacts-sur-les-forets-wallonnes-recommandations-aux-decideurs-et-aux-proprietaires-et-gestionnaires","status":"publish","type":"bibliotheque","link":"https:\/\/foretnature.be\/en\/bibliotheque\/le-changement-climatique-et-ses-impacts-sur-les-forets-wallonnes-recommandations-aux-decideurs-et-aux-proprietaires-et-gestionnaires\/","title":{"rendered":"Le changement climatique et ses impacts sur les for\u00eats wallonnes. Recommandations aux d\u00e9cideurs et aux propri\u00e9taires et gestionnaires"},"content":{"rendered":"","protected":false},"excerpt":{"rendered":"","protected":false},"featured_media":0,"template":"","categories":[51,21],"tags":[],"class_list":["post-32134","bibliotheque","type-bibliotheque","status-publish","hentry","category-bibliotheque","category-sf"],"acf":[],"_links":{"self":[{"href":"https:\/\/foretnature.be\/en\/wp-json\/wp\/v2\/bibliotheque\/32134","targetHints":{"allow":["GET"]}}],"collection":[{"href":"https:\/\/foretnature.be\/en\/wp-json\/wp\/v2\/bibliotheque"}],"about":[{"href":"https:\/\/foretnature.be\/en\/wp-json\/wp\/v2\/types\/bibliotheque"}],"wp:attachment":[{"href":"https:\/\/foretnature.be\/en\/wp-json\/wp\/v2\/media?parent=32134"}],"wp:term":[{"taxonomy":"category","embeddable":true,"href":"https:\/\/foretnature.be\/en\/wp-json\/wp\/v2\/categories?post=32134"},{"taxonomy":"post_tag","embeddable":true,"href":"https:\/\/foretnature.be\/en\/wp-json\/wp\/v2\/tags?post=32134"}],"curies":[{"name":"wp","href":"https:\/\/api.w.org\/{rel}","templated":true}]}}

Le changement climatique et ses impacts sur les forêts wallonnes. Recommandations aux décideurs et aux propriétaires et gestionnaires
