{"id":32129,"date":"2021-03-22T11:06:25","date_gmt":"2021-03-22T10:06:25","guid":{"rendered":"https:\/\/gjkkadksm.preview.infomaniak.website\/bibliotheque\/synthese-de-reflexions-sur-la-sylviculture-darbres-objectif-en-peuplement-irregulier-ou-equienne-melange-ou-non\/"},"modified":"2021-04-08T12:40:26","modified_gmt":"2021-04-08T10:40:26","slug":"synthese-de-reflexions-sur-la-sylviculture-darbres-objectif-en-peuplement-irregulier-ou-equienne-melange-ou-non","status":"publish","type":"bibliotheque","link":"https:\/\/foretnature.be\/en\/bibliotheque\/synthese-de-reflexions-sur-la-sylviculture-darbres-objectif-en-peuplement-irregulier-ou-equienne-melange-ou-non\/","title":{"rendered":"Synth\u00e8se de r\u00e9flexions sur la sylviculture d&rsquo;arbres-objectif en peuplement irr\u00e9gulier ou \u00e9quienne, m\u00e9lang\u00e9 ou non"},"content":{"rendered":"","protected":false},"excerpt":{"rendered":"","protected":false},"featured_media":0,"template":"","categories":[51,21],"tags":[],"class_list":["post-32129","bibliotheque","type-bibliotheque","status-publish","hentry","category-bibliotheque","category-sf"],"acf":[],"_links":{"self":[{"href":"https:\/\/foretnature.be\/en\/wp-json\/wp\/v2\/bibliotheque\/32129","targetHints":{"allow":["GET"]}}],"collection":[{"href":"https:\/\/foretnature.be\/en\/wp-json\/wp\/v2\/bibliotheque"}],"about":[{"href":"https:\/\/foretnature.be\/en\/wp-json\/wp\/v2\/types\/bibliotheque"}],"wp:attachment":[{"href":"https:\/\/foretnature.be\/en\/wp-json\/wp\/v2\/media?parent=32129"}],"wp:term":[{"taxonomy":"category","embeddable":true,"href":"https:\/\/foretnature.be\/en\/wp-json\/wp\/v2\/categories?post=32129"},{"taxonomy":"post_tag","embeddable":true,"href":"https:\/\/foretnature.be\/en\/wp-json\/wp\/v2\/tags?post=32129"}],"curies":[{"name":"wp","href":"https:\/\/api.w.org\/{rel}","templated":true}]}}

Synthèse de réflexions sur la sylviculture d&rsquo;arbres-objectif en peuplement irrégulier ou équienne, mélangé ou non
