{"id":32127,"date":"2021-03-22T11:06:25","date_gmt":"2021-03-22T10:06:25","guid":{"rendered":"https:\/\/gjkkadksm.preview.infomaniak.website\/bibliotheque\/la-sante-des-forets-maladies-insectes-accidents-climatiques-diagnostic-et-prevention\/"},"modified":"2021-04-08T12:40:26","modified_gmt":"2021-04-08T10:40:26","slug":"la-sante-des-forets-maladies-insectes-accidents-climatiques-diagnostic-et-prevention","status":"publish","type":"bibliotheque","link":"https:\/\/foretnature.be\/en\/bibliotheque\/la-sante-des-forets-maladies-insectes-accidents-climatiques-diagnostic-et-prevention\/","title":{"rendered":"La sant\u00e9 des for\u00eats &#8211; Maladies, insectes, accidents climatiques&#8230; Diagnostic et pr\u00e9vention"},"content":{"rendered":"","protected":false},"excerpt":{"rendered":"","protected":false},"featured_media":0,"template":"","categories":[51,21],"tags":[],"class_list":["post-32127","bibliotheque","type-bibliotheque","status-publish","hentry","category-bibliotheque","category-sf"],"acf":[],"_links":{"self":[{"href":"https:\/\/foretnature.be\/en\/wp-json\/wp\/v2\/bibliotheque\/32127","targetHints":{"allow":["GET"]}}],"collection":[{"href":"https:\/\/foretnature.be\/en\/wp-json\/wp\/v2\/bibliotheque"}],"about":[{"href":"https:\/\/foretnature.be\/en\/wp-json\/wp\/v2\/types\/bibliotheque"}],"wp:attachment":[{"href":"https:\/\/foretnature.be\/en\/wp-json\/wp\/v2\/media?parent=32127"}],"wp:term":[{"taxonomy":"category","embeddable":true,"href":"https:\/\/foretnature.be\/en\/wp-json\/wp\/v2\/categories?post=32127"},{"taxonomy":"post_tag","embeddable":true,"href":"https:\/\/foretnature.be\/en\/wp-json\/wp\/v2\/tags?post=32127"}],"curies":[{"name":"wp","href":"https:\/\/api.w.org\/{rel}","templated":true}]}}

La santé des forêts &#8211; Maladies, insectes, accidents climatiques&#8230; Diagnostic et prévention
