{"id":32117,"date":"2021-03-22T11:06:25","date_gmt":"2021-03-22T10:06:25","guid":{"rendered":"https:\/\/gjkkadksm.preview.infomaniak.website\/bibliotheque\/biodiversite-naturalite-humanite-pour-inspirer-la-gestion-des-forets\/"},"modified":"2021-04-08T12:40:25","modified_gmt":"2021-04-08T10:40:25","slug":"biodiversite-naturalite-humanite-pour-inspirer-la-gestion-des-forets","status":"publish","type":"bibliotheque","link":"https:\/\/foretnature.be\/en\/bibliotheque\/biodiversite-naturalite-humanite-pour-inspirer-la-gestion-des-forets\/","title":{"rendered":"Biodiversit\u00e9, naturalit\u00e9, humanit\u00e9 &#8211; Pour inspirer la gestion des for\u00eats"},"content":{"rendered":"","protected":false},"excerpt":{"rendered":"","protected":false},"featured_media":0,"template":"","categories":[51,21],"tags":[],"class_list":["post-32117","bibliotheque","type-bibliotheque","status-publish","hentry","category-bibliotheque","category-sf"],"acf":[],"_links":{"self":[{"href":"https:\/\/foretnature.be\/en\/wp-json\/wp\/v2\/bibliotheque\/32117","targetHints":{"allow":["GET"]}}],"collection":[{"href":"https:\/\/foretnature.be\/en\/wp-json\/wp\/v2\/bibliotheque"}],"about":[{"href":"https:\/\/foretnature.be\/en\/wp-json\/wp\/v2\/types\/bibliotheque"}],"wp:attachment":[{"href":"https:\/\/foretnature.be\/en\/wp-json\/wp\/v2\/media?parent=32117"}],"wp:term":[{"taxonomy":"category","embeddable":true,"href":"https:\/\/foretnature.be\/en\/wp-json\/wp\/v2\/categories?post=32117"},{"taxonomy":"post_tag","embeddable":true,"href":"https:\/\/foretnature.be\/en\/wp-json\/wp\/v2\/tags?post=32117"}],"curies":[{"name":"wp","href":"https:\/\/api.w.org\/{rel}","templated":true}]}}

Biodiversité, naturalité, humanité &#8211; Pour inspirer la gestion des forêts
