{"id":32099,"date":"2021-03-22T11:06:23","date_gmt":"2021-03-22T10:06:23","guid":{"rendered":"https:\/\/gjkkadksm.preview.infomaniak.website\/bibliotheque\/bio2-biomasse-et-biodiverstie-forestieres-augmentation-de-lutilisation-de-la-biomasse-forestiere-implications-pour-la-biodiversite-et-les-ressources-naturelles\/"},"modified":"2021-04-08T12:40:26","modified_gmt":"2021-04-08T10:40:26","slug":"bio2-biomasse-et-biodiverstie-forestieres-augmentation-de-lutilisation-de-la-biomasse-forestiere-implications-pour-la-biodiversite-et-les-ressources-naturelles","status":"publish","type":"bibliotheque","link":"https:\/\/foretnature.be\/en\/bibliotheque\/bio2-biomasse-et-biodiverstie-forestieres-augmentation-de-lutilisation-de-la-biomasse-forestiere-implications-pour-la-biodiversite-et-les-ressources-naturelles\/","title":{"rendered":"Bio2. Biomasse et biodiversti\u00e9 foresti\u00e8res &#8211; Augmentation de l&rsquo;utilisation de la biomasse foresti\u00e8re : implications pour la biodiversit\u00e9 et les ressources naturelles"},"content":{"rendered":"","protected":false},"excerpt":{"rendered":"","protected":false},"featured_media":0,"template":"","categories":[51,21],"tags":[],"class_list":["post-32099","bibliotheque","type-bibliotheque","status-publish","hentry","category-bibliotheque","category-sf"],"acf":[],"_links":{"self":[{"href":"https:\/\/foretnature.be\/en\/wp-json\/wp\/v2\/bibliotheque\/32099","targetHints":{"allow":["GET"]}}],"collection":[{"href":"https:\/\/foretnature.be\/en\/wp-json\/wp\/v2\/bibliotheque"}],"about":[{"href":"https:\/\/foretnature.be\/en\/wp-json\/wp\/v2\/types\/bibliotheque"}],"wp:attachment":[{"href":"https:\/\/foretnature.be\/en\/wp-json\/wp\/v2\/media?parent=32099"}],"wp:term":[{"taxonomy":"category","embeddable":true,"href":"https:\/\/foretnature.be\/en\/wp-json\/wp\/v2\/categories?post=32099"},{"taxonomy":"post_tag","embeddable":true,"href":"https:\/\/foretnature.be\/en\/wp-json\/wp\/v2\/tags?post=32099"}],"curies":[{"name":"wp","href":"https:\/\/api.w.org\/{rel}","templated":true}]}}

Bio2. Biomasse et biodiverstié forestières &#8211; Augmentation de l&rsquo;utilisation de la biomasse forestière : implications pour la biodiversité et les ressources naturelles
