{"id":32069,"date":"2021-03-22T11:06:17","date_gmt":"2021-03-22T10:06:17","guid":{"rendered":"https:\/\/gjkkadksm.preview.infomaniak.website\/bibliotheque\/la-foret-face-au-changement-climatique-adapter-la-gestion-forestiere-synthese-de-latelier-onf-inra-du-20-octobre-2005\/"},"modified":"2021-04-08T12:45:44","modified_gmt":"2021-04-08T10:45:44","slug":"la-foret-face-au-changement-climatique-adapter-la-gestion-forestiere-synthese-de-latelier-onf-inra-du-20-octobre-2005","status":"publish","type":"bibliotheque","link":"https:\/\/foretnature.be\/en\/bibliotheque\/la-foret-face-au-changement-climatique-adapter-la-gestion-forestiere-synthese-de-latelier-onf-inra-du-20-octobre-2005\/","title":{"rendered":"La for\u00eat face au changement climatique. Adapter la gestion foresti\u00e8re. Synth\u00e8se de l&rsquo;atelier ONF\/INRA du 20 octobre 2005"},"content":{"rendered":"","protected":false},"excerpt":{"rendered":"","protected":false},"featured_media":0,"template":"","categories":[51,21],"tags":[],"class_list":["post-32069","bibliotheque","type-bibliotheque","status-publish","hentry","category-bibliotheque","category-sf"],"acf":[],"_links":{"self":[{"href":"https:\/\/foretnature.be\/en\/wp-json\/wp\/v2\/bibliotheque\/32069","targetHints":{"allow":["GET"]}}],"collection":[{"href":"https:\/\/foretnature.be\/en\/wp-json\/wp\/v2\/bibliotheque"}],"about":[{"href":"https:\/\/foretnature.be\/en\/wp-json\/wp\/v2\/types\/bibliotheque"}],"wp:attachment":[{"href":"https:\/\/foretnature.be\/en\/wp-json\/wp\/v2\/media?parent=32069"}],"wp:term":[{"taxonomy":"category","embeddable":true,"href":"https:\/\/foretnature.be\/en\/wp-json\/wp\/v2\/categories?post=32069"},{"taxonomy":"post_tag","embeddable":true,"href":"https:\/\/foretnature.be\/en\/wp-json\/wp\/v2\/tags?post=32069"}],"curies":[{"name":"wp","href":"https:\/\/api.w.org\/{rel}","templated":true}]}}

La forêt face au changement climatique. Adapter la gestion forestière. Synthèse de l&rsquo;atelier ONF/INRA du 20 octobre 2005
