{"id":32058,"date":"2021-03-22T11:06:15","date_gmt":"2021-03-22T10:06:15","guid":{"rendered":"https:\/\/gjkkadksm.preview.infomaniak.website\/bibliotheque\/larmillaire-et-le-pourridie-agaric-des-vegetaux-ligneux\/"},"modified":"2021-04-08T12:45:46","modified_gmt":"2021-04-08T10:45:46","slug":"larmillaire-et-le-pourridie-agaric-des-vegetaux-ligneux","status":"publish","type":"bibliotheque","link":"https:\/\/foretnature.be\/en\/bibliotheque\/larmillaire-et-le-pourridie-agaric-des-vegetaux-ligneux\/","title":{"rendered":"L&rsquo;armillaire et le pourridi\u00e9-agaric des v\u00e9g\u00e9taux ligneux"},"content":{"rendered":"","protected":false},"excerpt":{"rendered":"","protected":false},"featured_media":0,"template":"","categories":[51,21],"tags":[],"class_list":["post-32058","bibliotheque","type-bibliotheque","status-publish","hentry","category-bibliotheque","category-sf"],"acf":[],"_links":{"self":[{"href":"https:\/\/foretnature.be\/en\/wp-json\/wp\/v2\/bibliotheque\/32058","targetHints":{"allow":["GET"]}}],"collection":[{"href":"https:\/\/foretnature.be\/en\/wp-json\/wp\/v2\/bibliotheque"}],"about":[{"href":"https:\/\/foretnature.be\/en\/wp-json\/wp\/v2\/types\/bibliotheque"}],"wp:attachment":[{"href":"https:\/\/foretnature.be\/en\/wp-json\/wp\/v2\/media?parent=32058"}],"wp:term":[{"taxonomy":"category","embeddable":true,"href":"https:\/\/foretnature.be\/en\/wp-json\/wp\/v2\/categories?post=32058"},{"taxonomy":"post_tag","embeddable":true,"href":"https:\/\/foretnature.be\/en\/wp-json\/wp\/v2\/tags?post=32058"}],"curies":[{"name":"wp","href":"https:\/\/api.w.org\/{rel}","templated":true}]}}

L&rsquo;armillaire et le pourridié-agaric des végétaux ligneux
