{"id":32004,"date":"2021-03-22T11:06:09","date_gmt":"2021-03-22T10:06:09","guid":{"rendered":"https:\/\/gjkkadksm.preview.infomaniak.website\/bibliotheque\/livre-blanc-sur-la-protection-des-forets-naturelles-en-france-forets-metropolitaines\/"},"modified":"2021-04-08T12:45:48","modified_gmt":"2021-04-08T10:45:48","slug":"livre-blanc-sur-la-protection-des-forets-naturelles-en-france-forets-metropolitaines","status":"publish","type":"bibliotheque","link":"https:\/\/foretnature.be\/en\/bibliotheque\/livre-blanc-sur-la-protection-des-forets-naturelles-en-france-forets-metropolitaines\/","title":{"rendered":"Livre blanc sur la protection des for\u00eats naturelles en France &#8211; For\u00eats m\u00e9tropolitaines"},"content":{"rendered":"","protected":false},"excerpt":{"rendered":"","protected":false},"featured_media":0,"template":"","categories":[51,21],"tags":[],"class_list":["post-32004","bibliotheque","type-bibliotheque","status-publish","hentry","category-bibliotheque","category-sf"],"acf":[],"_links":{"self":[{"href":"https:\/\/foretnature.be\/en\/wp-json\/wp\/v2\/bibliotheque\/32004","targetHints":{"allow":["GET"]}}],"collection":[{"href":"https:\/\/foretnature.be\/en\/wp-json\/wp\/v2\/bibliotheque"}],"about":[{"href":"https:\/\/foretnature.be\/en\/wp-json\/wp\/v2\/types\/bibliotheque"}],"wp:attachment":[{"href":"https:\/\/foretnature.be\/en\/wp-json\/wp\/v2\/media?parent=32004"}],"wp:term":[{"taxonomy":"category","embeddable":true,"href":"https:\/\/foretnature.be\/en\/wp-json\/wp\/v2\/categories?post=32004"},{"taxonomy":"post_tag","embeddable":true,"href":"https:\/\/foretnature.be\/en\/wp-json\/wp\/v2\/tags?post=32004"}],"curies":[{"name":"wp","href":"https:\/\/api.w.org\/{rel}","templated":true}]}}

Livre blanc sur la protection des forêts naturelles en France &#8211; Forêts métropolitaines
