{"id":31999,"date":"2021-03-22T11:06:06","date_gmt":"2021-03-22T10:06:06","guid":{"rendered":"https:\/\/gjkkadksm.preview.infomaniak.website\/bibliotheque\/aide-a-la-gestion-des-paysages-de-la-semois-ardennaise-de-sainte-cecile-sur-semois-a-bohan\/"},"modified":"2021-04-08T12:44:56","modified_gmt":"2021-04-08T10:44:56","slug":"aide-a-la-gestion-des-paysages-de-la-semois-ardennaise-de-sainte-cecile-sur-semois-a-bohan","status":"publish","type":"bibliotheque","link":"https:\/\/foretnature.be\/en\/bibliotheque\/aide-a-la-gestion-des-paysages-de-la-semois-ardennaise-de-sainte-cecile-sur-semois-a-bohan\/","title":{"rendered":"Aide \u00e0 la gestion des paysages de la Semois ardennaise, de Sainte-C\u00e9cile-sur-Semois \u00e0 Bohan"},"content":{"rendered":"","protected":false},"excerpt":{"rendered":"","protected":false},"featured_media":0,"template":"","categories":[51,21],"tags":[],"class_list":["post-31999","bibliotheque","type-bibliotheque","status-publish","hentry","category-bibliotheque","category-sf"],"acf":[],"_links":{"self":[{"href":"https:\/\/foretnature.be\/en\/wp-json\/wp\/v2\/bibliotheque\/31999","targetHints":{"allow":["GET"]}}],"collection":[{"href":"https:\/\/foretnature.be\/en\/wp-json\/wp\/v2\/bibliotheque"}],"about":[{"href":"https:\/\/foretnature.be\/en\/wp-json\/wp\/v2\/types\/bibliotheque"}],"wp:attachment":[{"href":"https:\/\/foretnature.be\/en\/wp-json\/wp\/v2\/media?parent=31999"}],"wp:term":[{"taxonomy":"category","embeddable":true,"href":"https:\/\/foretnature.be\/en\/wp-json\/wp\/v2\/categories?post=31999"},{"taxonomy":"post_tag","embeddable":true,"href":"https:\/\/foretnature.be\/en\/wp-json\/wp\/v2\/tags?post=31999"}],"curies":[{"name":"wp","href":"https:\/\/api.w.org\/{rel}","templated":true}]}}

Aide à la gestion des paysages de la Semois ardennaise, de Sainte-Cécile-sur-Semois à Bohan
