{"id":31997,"date":"2021-03-22T11:06:06","date_gmt":"2021-03-22T10:06:06","guid":{"rendered":"https:\/\/gjkkadksm.preview.infomaniak.website\/bibliotheque\/le-bois-mort-un-attribut-vital-de-la-biodiversite-de-la-foret-naturelle-une-lacune-des-forets-gerees\/"},"modified":"2021-04-08T12:44:56","modified_gmt":"2021-04-08T10:44:56","slug":"le-bois-mort-un-attribut-vital-de-la-biodiversite-de-la-foret-naturelle-une-lacune-des-forets-gerees","status":"publish","type":"bibliotheque","link":"https:\/\/foretnature.be\/en\/bibliotheque\/le-bois-mort-un-attribut-vital-de-la-biodiversite-de-la-foret-naturelle-une-lacune-des-forets-gerees\/","title":{"rendered":"Le bois mort, un attribut vital de la biodiversit\u00e9 de la for\u00eat naturelle, une lacune des for\u00eats g\u00e9r\u00e9es"},"content":{"rendered":"","protected":false},"excerpt":{"rendered":"","protected":false},"featured_media":0,"template":"","categories":[51,21],"tags":[],"class_list":["post-31997","bibliotheque","type-bibliotheque","status-publish","hentry","category-bibliotheque","category-sf"],"acf":[],"_links":{"self":[{"href":"https:\/\/foretnature.be\/en\/wp-json\/wp\/v2\/bibliotheque\/31997","targetHints":{"allow":["GET"]}}],"collection":[{"href":"https:\/\/foretnature.be\/en\/wp-json\/wp\/v2\/bibliotheque"}],"about":[{"href":"https:\/\/foretnature.be\/en\/wp-json\/wp\/v2\/types\/bibliotheque"}],"wp:attachment":[{"href":"https:\/\/foretnature.be\/en\/wp-json\/wp\/v2\/media?parent=31997"}],"wp:term":[{"taxonomy":"category","embeddable":true,"href":"https:\/\/foretnature.be\/en\/wp-json\/wp\/v2\/categories?post=31997"},{"taxonomy":"post_tag","embeddable":true,"href":"https:\/\/foretnature.be\/en\/wp-json\/wp\/v2\/tags?post=31997"}],"curies":[{"name":"wp","href":"https:\/\/api.w.org\/{rel}","templated":true}]}}

Le bois mort, un attribut vital de la biodiversité de la forêt naturelle, une lacune des forêts gérées
