{"id":31970,"date":"2021-03-22T11:06:03","date_gmt":"2021-03-22T10:06:03","guid":{"rendered":"https:\/\/gjkkadksm.preview.infomaniak.website\/bibliotheque\/decroissement-cause-par-les-insectes-et-les-maladies-des-arbres-au-canada-de-1982-a-1987-rapport-dinformation-st-x-8\/"},"modified":"2021-04-08T12:44:57","modified_gmt":"2021-04-08T10:44:57","slug":"decroissement-cause-par-les-insectes-et-les-maladies-des-arbres-au-canada-de-1982-a-1987-rapport-dinformation-st-x-8","status":"publish","type":"bibliotheque","link":"https:\/\/foretnature.be\/en\/bibliotheque\/decroissement-cause-par-les-insectes-et-les-maladies-des-arbres-au-canada-de-1982-a-1987-rapport-dinformation-st-x-8\/","title":{"rendered":"D\u00e9croissement caus\u00e9 par les insectes et les maladies des arbres au Canada de 1982 \u00e0 1987 &#8211; Rapport d&rsquo;information ST-X-8"},"content":{"rendered":"","protected":false},"excerpt":{"rendered":"","protected":false},"featured_media":0,"template":"","categories":[51,21],"tags":[],"class_list":["post-31970","bibliotheque","type-bibliotheque","status-publish","hentry","category-bibliotheque","category-sf"],"acf":[],"_links":{"self":[{"href":"https:\/\/foretnature.be\/en\/wp-json\/wp\/v2\/bibliotheque\/31970","targetHints":{"allow":["GET"]}}],"collection":[{"href":"https:\/\/foretnature.be\/en\/wp-json\/wp\/v2\/bibliotheque"}],"about":[{"href":"https:\/\/foretnature.be\/en\/wp-json\/wp\/v2\/types\/bibliotheque"}],"wp:attachment":[{"href":"https:\/\/foretnature.be\/en\/wp-json\/wp\/v2\/media?parent=31970"}],"wp:term":[{"taxonomy":"category","embeddable":true,"href":"https:\/\/foretnature.be\/en\/wp-json\/wp\/v2\/categories?post=31970"},{"taxonomy":"post_tag","embeddable":true,"href":"https:\/\/foretnature.be\/en\/wp-json\/wp\/v2\/tags?post=31970"}],"curies":[{"name":"wp","href":"https:\/\/api.w.org\/{rel}","templated":true}]}}

Décroissement causé par les insectes et les maladies des arbres au Canada de 1982 à 1987 &#8211; Rapport d&rsquo;information ST-X-8
