{"id":31957,"date":"2021-03-22T11:05:59","date_gmt":"2021-03-22T10:05:59","guid":{"rendered":"https:\/\/gjkkadksm.preview.infomaniak.website\/bibliotheque\/gestion-forestiere-et-diversite-biologique-identification-et-gestion-integree-des-habitats-et-especes-dinteret-communautaire\/"},"modified":"2021-04-08T12:44:58","modified_gmt":"2021-04-08T10:44:58","slug":"gestion-forestiere-et-diversite-biologique-identification-et-gestion-integree-des-habitats-et-especes-dinteret-communautaire","status":"publish","type":"bibliotheque","link":"https:\/\/foretnature.be\/en\/bibliotheque\/gestion-forestiere-et-diversite-biologique-identification-et-gestion-integree-des-habitats-et-especes-dinteret-communautaire\/","title":{"rendered":"Gestion foresti\u00e8re et diversit\u00e9 biologique &#8211; Identification et gestion int\u00e9gr\u00e9e des habitats et esp\u00e8ces d&rsquo;int\u00e9r\u00eat communautaire"},"content":{"rendered":"","protected":false},"excerpt":{"rendered":"","protected":false},"featured_media":0,"template":"","categories":[51,21],"tags":[],"class_list":["post-31957","bibliotheque","type-bibliotheque","status-publish","hentry","category-bibliotheque","category-sf"],"acf":[],"_links":{"self":[{"href":"https:\/\/foretnature.be\/en\/wp-json\/wp\/v2\/bibliotheque\/31957","targetHints":{"allow":["GET"]}}],"collection":[{"href":"https:\/\/foretnature.be\/en\/wp-json\/wp\/v2\/bibliotheque"}],"about":[{"href":"https:\/\/foretnature.be\/en\/wp-json\/wp\/v2\/types\/bibliotheque"}],"wp:attachment":[{"href":"https:\/\/foretnature.be\/en\/wp-json\/wp\/v2\/media?parent=31957"}],"wp:term":[{"taxonomy":"category","embeddable":true,"href":"https:\/\/foretnature.be\/en\/wp-json\/wp\/v2\/categories?post=31957"},{"taxonomy":"post_tag","embeddable":true,"href":"https:\/\/foretnature.be\/en\/wp-json\/wp\/v2\/tags?post=31957"}],"curies":[{"name":"wp","href":"https:\/\/api.w.org\/{rel}","templated":true}]}}

Gestion forestière et diversité biologique &#8211; Identification et gestion intégrée des habitats et espèces d&rsquo;intérêt communautaire
