{"id":31947,"date":"2021-03-22T11:05:59","date_gmt":"2021-03-22T10:05:59","guid":{"rendered":"https:\/\/gjkkadksm.preview.infomaniak.website\/bibliotheque\/mythes-et-legendes-de-nos-forets-les-creatures-et-les-recits-nes-de-la-peur-des-croyances-et-de-lhistoire\/"},"modified":"2021-04-08T12:44:57","modified_gmt":"2021-04-08T10:44:57","slug":"mythes-et-legendes-de-nos-forets-les-creatures-et-les-recits-nes-de-la-peur-des-croyances-et-de-lhistoire","status":"publish","type":"bibliotheque","link":"https:\/\/foretnature.be\/en\/bibliotheque\/mythes-et-legendes-de-nos-forets-les-creatures-et-les-recits-nes-de-la-peur-des-croyances-et-de-lhistoire\/","title":{"rendered":"Mythes et l\u00e9gendes de nos for\u00eats &#8211; Les cr\u00e9atures et les r\u00e9cits n\u00e9s de la peur, des croyances et de l&rsquo;Histoire"},"content":{"rendered":"","protected":false},"excerpt":{"rendered":"","protected":false},"featured_media":0,"template":"","categories":[51,21],"tags":[],"class_list":["post-31947","bibliotheque","type-bibliotheque","status-publish","hentry","category-bibliotheque","category-sf"],"acf":[],"_links":{"self":[{"href":"https:\/\/foretnature.be\/en\/wp-json\/wp\/v2\/bibliotheque\/31947","targetHints":{"allow":["GET"]}}],"collection":[{"href":"https:\/\/foretnature.be\/en\/wp-json\/wp\/v2\/bibliotheque"}],"about":[{"href":"https:\/\/foretnature.be\/en\/wp-json\/wp\/v2\/types\/bibliotheque"}],"wp:attachment":[{"href":"https:\/\/foretnature.be\/en\/wp-json\/wp\/v2\/media?parent=31947"}],"wp:term":[{"taxonomy":"category","embeddable":true,"href":"https:\/\/foretnature.be\/en\/wp-json\/wp\/v2\/categories?post=31947"},{"taxonomy":"post_tag","embeddable":true,"href":"https:\/\/foretnature.be\/en\/wp-json\/wp\/v2\/tags?post=31947"}],"curies":[{"name":"wp","href":"https:\/\/api.w.org\/{rel}","templated":true}]}}

Mythes et légendes de nos forêts &#8211; Les créatures et les récits nés de la peur, des croyances et de l&rsquo;Histoire
