{"id":31927,"date":"2021-03-22T11:05:44","date_gmt":"2021-03-22T10:05:44","guid":{"rendered":"https:\/\/gjkkadksm.preview.infomaniak.website\/bibliotheque\/gestion-forestiere-integree-approche-basee-sur-lanalyse-multicritere\/"},"modified":"2021-04-08T12:45:00","modified_gmt":"2021-04-08T10:45:00","slug":"gestion-forestiere-integree-approche-basee-sur-lanalyse-multicritere","status":"publish","type":"bibliotheque","link":"https:\/\/foretnature.be\/en\/bibliotheque\/gestion-forestiere-integree-approche-basee-sur-lanalyse-multicritere\/","title":{"rendered":"Gestion foresti\u00e8re int\u00e9gr\u00e9e &#8211; Approche bas\u00e9e sur l&rsquo;analyse multicrit\u00e8re"},"content":{"rendered":"","protected":false},"excerpt":{"rendered":"","protected":false},"featured_media":0,"template":"","categories":[51,21],"tags":[],"class_list":["post-31927","bibliotheque","type-bibliotheque","status-publish","hentry","category-bibliotheque","category-sf"],"acf":[],"_links":{"self":[{"href":"https:\/\/foretnature.be\/en\/wp-json\/wp\/v2\/bibliotheque\/31927","targetHints":{"allow":["GET"]}}],"collection":[{"href":"https:\/\/foretnature.be\/en\/wp-json\/wp\/v2\/bibliotheque"}],"about":[{"href":"https:\/\/foretnature.be\/en\/wp-json\/wp\/v2\/types\/bibliotheque"}],"wp:attachment":[{"href":"https:\/\/foretnature.be\/en\/wp-json\/wp\/v2\/media?parent=31927"}],"wp:term":[{"taxonomy":"category","embeddable":true,"href":"https:\/\/foretnature.be\/en\/wp-json\/wp\/v2\/categories?post=31927"},{"taxonomy":"post_tag","embeddable":true,"href":"https:\/\/foretnature.be\/en\/wp-json\/wp\/v2\/tags?post=31927"}],"curies":[{"name":"wp","href":"https:\/\/api.w.org\/{rel}","templated":true}]}}

Gestion forestière intégrée &#8211; Approche basée sur l&rsquo;analyse multicritère
