{"id":31895,"date":"2021-03-22T11:05:33","date_gmt":"2021-03-22T10:05:33","guid":{"rendered":"https:\/\/gjkkadksm.preview.infomaniak.website\/bibliotheque\/flore-forestiere-francaise-guide-ecologique-illustre-tome-2-montagnes\/"},"modified":"2021-04-08T12:44:37","modified_gmt":"2021-04-08T10:44:37","slug":"flore-forestiere-francaise-guide-ecologique-illustre-tome-2-montagnes","status":"publish","type":"bibliotheque","link":"https:\/\/foretnature.be\/en\/bibliotheque\/flore-forestiere-francaise-guide-ecologique-illustre-tome-2-montagnes\/","title":{"rendered":"Flore foresti\u00e8re fran\u00e7aise, guide \u00e9cologique illustr\u00e9 &#8211; Tome 2, montagnes"},"content":{"rendered":"","protected":false},"excerpt":{"rendered":"","protected":false},"featured_media":0,"template":"","categories":[51,21],"tags":[],"class_list":["post-31895","bibliotheque","type-bibliotheque","status-publish","hentry","category-bibliotheque","category-sf"],"acf":[],"_links":{"self":[{"href":"https:\/\/foretnature.be\/en\/wp-json\/wp\/v2\/bibliotheque\/31895","targetHints":{"allow":["GET"]}}],"collection":[{"href":"https:\/\/foretnature.be\/en\/wp-json\/wp\/v2\/bibliotheque"}],"about":[{"href":"https:\/\/foretnature.be\/en\/wp-json\/wp\/v2\/types\/bibliotheque"}],"wp:attachment":[{"href":"https:\/\/foretnature.be\/en\/wp-json\/wp\/v2\/media?parent=31895"}],"wp:term":[{"taxonomy":"category","embeddable":true,"href":"https:\/\/foretnature.be\/en\/wp-json\/wp\/v2\/categories?post=31895"},{"taxonomy":"post_tag","embeddable":true,"href":"https:\/\/foretnature.be\/en\/wp-json\/wp\/v2\/tags?post=31895"}],"curies":[{"name":"wp","href":"https:\/\/api.w.org\/{rel}","templated":true}]}}

Flore forestière française, guide écologique illustré &#8211; Tome 2, montagnes
