{"id":31820,"date":"2021-03-22T11:05:26","date_gmt":"2021-03-22T10:05:26","guid":{"rendered":"https:\/\/gjkkadksm.preview.infomaniak.website\/bibliotheque\/graminees-cyperacees-joncacees-petit-memento-des-especes-graminoides\/"},"modified":"2021-04-08T12:44:40","modified_gmt":"2021-04-08T10:44:40","slug":"graminees-cyperacees-joncacees-petit-memento-des-especes-graminoides","status":"publish","type":"bibliotheque","link":"https:\/\/foretnature.be\/en\/bibliotheque\/graminees-cyperacees-joncacees-petit-memento-des-especes-graminoides\/","title":{"rendered":"Gramin\u00e9es, Cyp\u00e9rac\u00e9es, Joncac\u00e9es : petit m\u00e9mento des esp\u00e8ces \u00ab\u00a0gramino\u00efdes\u00a0\u00bb"},"content":{"rendered":"","protected":false},"excerpt":{"rendered":"","protected":false},"featured_media":0,"template":"","categories":[51,22],"tags":[],"class_list":["post-31820","bibliotheque","type-bibliotheque","status-publish","hentry","category-bibliotheque","category-faune-et-flore"],"acf":[],"_links":{"self":[{"href":"https:\/\/foretnature.be\/en\/wp-json\/wp\/v2\/bibliotheque\/31820","targetHints":{"allow":["GET"]}}],"collection":[{"href":"https:\/\/foretnature.be\/en\/wp-json\/wp\/v2\/bibliotheque"}],"about":[{"href":"https:\/\/foretnature.be\/en\/wp-json\/wp\/v2\/types\/bibliotheque"}],"wp:attachment":[{"href":"https:\/\/foretnature.be\/en\/wp-json\/wp\/v2\/media?parent=31820"}],"wp:term":[{"taxonomy":"category","embeddable":true,"href":"https:\/\/foretnature.be\/en\/wp-json\/wp\/v2\/categories?post=31820"},{"taxonomy":"post_tag","embeddable":true,"href":"https:\/\/foretnature.be\/en\/wp-json\/wp\/v2\/tags?post=31820"}],"curies":[{"name":"wp","href":"https:\/\/api.w.org\/{rel}","templated":true}]}}

Graminées, Cypéracées, Joncacées : petit mémento des espèces « graminoïdes »
