{"id":31685,"date":"2021-03-22T11:05:08","date_gmt":"2021-03-22T10:05:08","guid":{"rendered":"https:\/\/gjkkadksm.preview.infomaniak.website\/bibliotheque\/le-changement-climatique-et-ses-impacts-sur-les-forets-wallonnes-recommandations-aux-decideurs-proprietaires-et-gestionnaires\/"},"modified":"2021-04-08T12:44:22","modified_gmt":"2021-04-08T10:44:22","slug":"le-changement-climatique-et-ses-impacts-sur-les-forets-wallonnes-recommandations-aux-decideurs-proprietaires-et-gestionnaires","status":"publish","type":"bibliotheque","link":"https:\/\/foretnature.be\/en\/bibliotheque\/le-changement-climatique-et-ses-impacts-sur-les-forets-wallonnes-recommandations-aux-decideurs-proprietaires-et-gestionnaires\/","title":{"rendered":"Le changement climatique et ses impacts sur les for\u00eats wallonnes. Recommandations aux d\u00e9cideurs, propri\u00e9taires et gestionnaires"},"content":{"rendered":"","protected":false},"excerpt":{"rendered":"","protected":false},"featured_media":0,"template":"","categories":[51,23],"tags":[],"class_list":["post-31685","bibliotheque","type-bibliotheque","status-publish","hentry","category-bibliotheque","category-documentation-technique"],"acf":[],"_links":{"self":[{"href":"https:\/\/foretnature.be\/en\/wp-json\/wp\/v2\/bibliotheque\/31685","targetHints":{"allow":["GET"]}}],"collection":[{"href":"https:\/\/foretnature.be\/en\/wp-json\/wp\/v2\/bibliotheque"}],"about":[{"href":"https:\/\/foretnature.be\/en\/wp-json\/wp\/v2\/types\/bibliotheque"}],"wp:attachment":[{"href":"https:\/\/foretnature.be\/en\/wp-json\/wp\/v2\/media?parent=31685"}],"wp:term":[{"taxonomy":"category","embeddable":true,"href":"https:\/\/foretnature.be\/en\/wp-json\/wp\/v2\/categories?post=31685"},{"taxonomy":"post_tag","embeddable":true,"href":"https:\/\/foretnature.be\/en\/wp-json\/wp\/v2\/tags?post=31685"}],"curies":[{"name":"wp","href":"https:\/\/api.w.org\/{rel}","templated":true}]}}

Le changement climatique et ses impacts sur les forêts wallonnes. Recommandations aux décideurs, propriétaires et gestionnaires
