{"id":31675,"date":"2021-03-22T11:05:04","date_gmt":"2021-03-22T10:05:04","guid":{"rendered":"https:\/\/gjkkadksm.preview.infomaniak.website\/bibliotheque\/faiseurs-de-forets-regards-sur-la-foret-privee-francaise\/"},"modified":"2021-04-08T12:42:48","modified_gmt":"2021-04-08T10:42:48","slug":"faiseurs-de-forets-regards-sur-la-foret-privee-francaise","status":"publish","type":"bibliotheque","link":"https:\/\/foretnature.be\/en\/bibliotheque\/faiseurs-de-forets-regards-sur-la-foret-privee-francaise\/","title":{"rendered":"Faiseurs de for\u00eats. Regards sur la for\u00eat priv\u00e9e fran\u00e7aise"},"content":{"rendered":"","protected":false},"excerpt":{"rendered":"","protected":false},"featured_media":0,"template":"","categories":[51,23],"tags":[],"class_list":["post-31675","bibliotheque","type-bibliotheque","status-publish","hentry","category-bibliotheque","category-documentation-technique"],"acf":[],"_links":{"self":[{"href":"https:\/\/foretnature.be\/en\/wp-json\/wp\/v2\/bibliotheque\/31675","targetHints":{"allow":["GET"]}}],"collection":[{"href":"https:\/\/foretnature.be\/en\/wp-json\/wp\/v2\/bibliotheque"}],"about":[{"href":"https:\/\/foretnature.be\/en\/wp-json\/wp\/v2\/types\/bibliotheque"}],"wp:attachment":[{"href":"https:\/\/foretnature.be\/en\/wp-json\/wp\/v2\/media?parent=31675"}],"wp:term":[{"taxonomy":"category","embeddable":true,"href":"https:\/\/foretnature.be\/en\/wp-json\/wp\/v2\/categories?post=31675"},{"taxonomy":"post_tag","embeddable":true,"href":"https:\/\/foretnature.be\/en\/wp-json\/wp\/v2\/tags?post=31675"}],"curies":[{"name":"wp","href":"https:\/\/api.w.org\/{rel}","templated":true}]}}

Faiseurs de forêts. Regards sur la forêt privée française
