{"id":31659,"date":"2021-03-22T11:05:02","date_gmt":"2021-03-22T10:05:02","guid":{"rendered":"https:\/\/gjkkadksm.preview.infomaniak.website\/bibliotheque\/vade-mecum-explicatif-de-la-circulaire-du-14-novembre-2008-circulaire-relative-a-la-protection-des-arbres-et-haies-remarquables-a-la-plantation-dessences-regionales-en-zone-rurale-et-aux-plantatio\/"},"modified":"2021-04-08T12:42:49","modified_gmt":"2021-04-08T10:42:49","slug":"vade-mecum-explicatif-de-la-circulaire-du-14-novembre-2008-circulaire-relative-a-la-protection-des-arbres-et-haies-remarquables-a-la-plantation-dessences-regionales-en-zone-rurale-et-aux-plantatio","status":"publish","type":"bibliotheque","link":"https:\/\/foretnature.be\/en\/bibliotheque\/vade-mecum-explicatif-de-la-circulaire-du-14-novembre-2008-circulaire-relative-a-la-protection-des-arbres-et-haies-remarquables-a-la-plantation-dessences-regionales-en-zone-rurale-et-aux-plantatio\/","title":{"rendered":"Vade-mecum explicatif de la circulaire du 14 novembre 2008 &#8211; Circulaire relative \u00e0 la protection des arbres et haies remarquables, \u00e0 la plantation d&rsquo;essences r\u00e9gionales en zone rurale et aux plantations au sein d&rsquo;un dispositif d&rsquo;isolement"},"content":{"rendered":"","protected":false},"excerpt":{"rendered":"","protected":false},"featured_media":0,"template":"","categories":[51,23],"tags":[],"class_list":["post-31659","bibliotheque","type-bibliotheque","status-publish","hentry","category-bibliotheque","category-documentation-technique"],"acf":[],"_links":{"self":[{"href":"https:\/\/foretnature.be\/en\/wp-json\/wp\/v2\/bibliotheque\/31659","targetHints":{"allow":["GET"]}}],"collection":[{"href":"https:\/\/foretnature.be\/en\/wp-json\/wp\/v2\/bibliotheque"}],"about":[{"href":"https:\/\/foretnature.be\/en\/wp-json\/wp\/v2\/types\/bibliotheque"}],"wp:attachment":[{"href":"https:\/\/foretnature.be\/en\/wp-json\/wp\/v2\/media?parent=31659"}],"wp:term":[{"taxonomy":"category","embeddable":true,"href":"https:\/\/foretnature.be\/en\/wp-json\/wp\/v2\/categories?post=31659"},{"taxonomy":"post_tag","embeddable":true,"href":"https:\/\/foretnature.be\/en\/wp-json\/wp\/v2\/tags?post=31659"}],"curies":[{"name":"wp","href":"https:\/\/api.w.org\/{rel}","templated":true}]}}

Vade-mecum explicatif de la circulaire du 14 novembre 2008 &#8211; Circulaire relative à la protection des arbres et haies remarquables, à la plantation d&rsquo;essences régionales en zone rurale et aux plantations au sein d&rsquo;un dispositif d&rsquo;isolement
