{"id":31635,"date":"2021-03-22T11:04:59","date_gmt":"2021-03-22T10:04:59","guid":{"rendered":"https:\/\/gjkkadksm.preview.infomaniak.website\/bibliotheque\/gerer-la-nature-actes-du-colloque-anseremme-17-18-19-20-novembre-1989-tome-1-seances-plenieres\/"},"modified":"2021-04-08T12:42:50","modified_gmt":"2021-04-08T10:42:50","slug":"gerer-la-nature-actes-du-colloque-anseremme-17-18-19-20-novembre-1989-tome-1-seances-plenieres","status":"publish","type":"bibliotheque","link":"https:\/\/foretnature.be\/en\/bibliotheque\/gerer-la-nature-actes-du-colloque-anseremme-17-18-19-20-novembre-1989-tome-1-seances-plenieres\/","title":{"rendered":"G\u00e9rer la nature ? &#8211; Actes du colloque Anseremme, 17-18-19-20 novembre 1989 &#8211; Tome 1 : s\u00e9ances pl\u00e9ni\u00e8res"},"content":{"rendered":"","protected":false},"excerpt":{"rendered":"","protected":false},"featured_media":0,"template":"","categories":[51,23],"tags":[],"class_list":["post-31635","bibliotheque","type-bibliotheque","status-publish","hentry","category-bibliotheque","category-documentation-technique"],"acf":[],"_links":{"self":[{"href":"https:\/\/foretnature.be\/en\/wp-json\/wp\/v2\/bibliotheque\/31635","targetHints":{"allow":["GET"]}}],"collection":[{"href":"https:\/\/foretnature.be\/en\/wp-json\/wp\/v2\/bibliotheque"}],"about":[{"href":"https:\/\/foretnature.be\/en\/wp-json\/wp\/v2\/types\/bibliotheque"}],"wp:attachment":[{"href":"https:\/\/foretnature.be\/en\/wp-json\/wp\/v2\/media?parent=31635"}],"wp:term":[{"taxonomy":"category","embeddable":true,"href":"https:\/\/foretnature.be\/en\/wp-json\/wp\/v2\/categories?post=31635"},{"taxonomy":"post_tag","embeddable":true,"href":"https:\/\/foretnature.be\/en\/wp-json\/wp\/v2\/tags?post=31635"}],"curies":[{"name":"wp","href":"https:\/\/api.w.org\/{rel}","templated":true}]}}

Gérer la nature ? &#8211; Actes du colloque Anseremme, 17-18-19-20 novembre 1989 &#8211; Tome 1 : séances plénières
