{"id":31574,"date":"2021-03-22T11:04:51","date_gmt":"2021-03-22T10:04:51","guid":{"rendered":"https:\/\/gjkkadksm.preview.infomaniak.website\/bibliotheque\/apparition-et-developpement-despeces-animales-en-europe-occidentale-causes-et-consequences-sur-les-equilibres-ecologiqes-existants-actes-du-colloque-saint-hubert-belgique-9-aout-2002\/"},"modified":"2021-04-08T12:41:30","modified_gmt":"2021-04-08T10:41:30","slug":"apparition-et-developpement-despeces-animales-en-europe-occidentale-causes-et-consequences-sur-les-equilibres-ecologiqes-existants-actes-du-colloque-saint-hubert-belgique-9-aout-2002","status":"publish","type":"bibliotheque","link":"https:\/\/foretnature.be\/en\/bibliotheque\/apparition-et-developpement-despeces-animales-en-europe-occidentale-causes-et-consequences-sur-les-equilibres-ecologiqes-existants-actes-du-colloque-saint-hubert-belgique-9-aout-2002\/","title":{"rendered":"Apparition et d\u00e9veloppement d&rsquo;esp\u00e8ces animales en Europe Occidentale : causes et cons\u00e9quences sur les \u00e9quilibres \u00e9cologiqes existants. Actes du colloque. Saint-Hubert, Belgique, 9 ao\u00fbt 2002"},"content":{"rendered":"","protected":false},"excerpt":{"rendered":"","protected":false},"featured_media":0,"template":"","categories":[51,33,23],"tags":[],"class_list":["post-31574","bibliotheque","type-bibliotheque","status-publish","hentry","category-bibliotheque","category-chasse-2","category-documentation-technique"],"acf":[],"_links":{"self":[{"href":"https:\/\/foretnature.be\/en\/wp-json\/wp\/v2\/bibliotheque\/31574","targetHints":{"allow":["GET"]}}],"collection":[{"href":"https:\/\/foretnature.be\/en\/wp-json\/wp\/v2\/bibliotheque"}],"about":[{"href":"https:\/\/foretnature.be\/en\/wp-json\/wp\/v2\/types\/bibliotheque"}],"wp:attachment":[{"href":"https:\/\/foretnature.be\/en\/wp-json\/wp\/v2\/media?parent=31574"}],"wp:term":[{"taxonomy":"category","embeddable":true,"href":"https:\/\/foretnature.be\/en\/wp-json\/wp\/v2\/categories?post=31574"},{"taxonomy":"post_tag","embeddable":true,"href":"https:\/\/foretnature.be\/en\/wp-json\/wp\/v2\/tags?post=31574"}],"curies":[{"name":"wp","href":"https:\/\/api.w.org\/{rel}","templated":true}]}}

Apparition et développement d&rsquo;espèces animales en Europe Occidentale : causes et conséquences sur les équilibres écologiqes existants. Actes du colloque. Saint-Hubert, Belgique, 9 août 2002
