{"id":31378,"date":"2021-03-22T11:04:26","date_gmt":"2021-03-22T10:04:26","guid":{"rendered":"https:\/\/gjkkadksm.preview.infomaniak.website\/bibliotheque\/de-tete-plumee-a-la-cote-de-chaumont-balade-en-foret-n%c2%ac%e2%88%9e-2\/"},"modified":"2021-04-08T12:41:55","modified_gmt":"2021-04-08T10:41:55","slug":"de-tete-plumee-a-la-cote-de-chaumont-balade-en-foret-n%c2%ac%e2%88%9e-2","status":"publish","type":"bibliotheque","link":"https:\/\/foretnature.be\/en\/bibliotheque\/de-tete-plumee-a-la-cote-de-chaumont-balade-en-foret-n%c2%ac%e2%88%9e-2\/","title":{"rendered":"De T\u00eate Plum\u00e9e \u00e0 la C\u00f4te de Chaumont, Balade en for\u00eat n\u00ac\u221e 2"},"content":{"rendered":"","protected":false},"excerpt":{"rendered":"","protected":false},"featured_media":0,"template":"","categories":[51,1],"tags":[],"class_list":["post-31378","bibliotheque","type-bibliotheque","status-publish","hentry","category-bibliotheque","category-documentation-diverse"],"acf":[],"_links":{"self":[{"href":"https:\/\/foretnature.be\/en\/wp-json\/wp\/v2\/bibliotheque\/31378","targetHints":{"allow":["GET"]}}],"collection":[{"href":"https:\/\/foretnature.be\/en\/wp-json\/wp\/v2\/bibliotheque"}],"about":[{"href":"https:\/\/foretnature.be\/en\/wp-json\/wp\/v2\/types\/bibliotheque"}],"wp:attachment":[{"href":"https:\/\/foretnature.be\/en\/wp-json\/wp\/v2\/media?parent=31378"}],"wp:term":[{"taxonomy":"category","embeddable":true,"href":"https:\/\/foretnature.be\/en\/wp-json\/wp\/v2\/categories?post=31378"},{"taxonomy":"post_tag","embeddable":true,"href":"https:\/\/foretnature.be\/en\/wp-json\/wp\/v2\/tags?post=31378"}],"curies":[{"name":"wp","href":"https:\/\/api.w.org\/{rel}","templated":true}]}}

De Tête Plumée à la Côte de Chaumont, Balade en forêt n¬∞ 2
